uppose -2*h = 218 - f. What is the highest common divisor of h and o?
15
Let m(g) = g**2 + 25*g + 28. Let u be m(-24). Suppose -j - u*b + 1 = 0, 4*j + 2*b + 5 = 79. Calculate the highest common factor of 3 and j.
3
Let f be (280/4 - -3)*2. Suppose -4*n + f = -38. Suppose n*s = 44*s + 116. What is the greatest common divisor of 29 and s?
29
Let b be (1/3*-1)/(52/(-47736)). Calculate the greatest common factor of b and 4437.
153
Let a be ((-13806)/(-273))/(3/14). Let m = a + -232. Calculate the highest common divisor of 4 and m.
4
Let g(l) be the second derivative of -l**3/2 + 17*l**2 - 18*l. Let j be g(12). Let b be (j + 3 - 2) + (58 - 1). What is the greatest common factor of b and 42?
14
Let h(g) = 223*g - 1628. Let s be h(17). Calculate the greatest common factor of 42 and s.
21
Suppose -233 - 182 = -3*g + 5*p, 2*g = -3*p + 302. What is the highest common divisor of g and 7830?
145
Suppose 0 = -2*q + 508*v - 511*v + 69321, -138639 = -4*q - 5*v. Calculate the highest common divisor of q and 16.
16
Let u be (-760)/30*(-3)/2. Let j = 40 - u. Let d(s) = 5*s. Let v be d(j). What is the highest common divisor of v and 110?
10
Let q = 86 + -83. Suppose 109 = q*z - 29. Calculate the highest common factor of z and 138.
46
Let g be 28/(-35)*(-5)/2 - -1. Suppose g*b = 7*b + 660. Let o = 246 + b. Calculate the greatest common factor of o and 54.
27
Suppose 56*l - 242 - 191 - 15 = 0. Calculate the greatest common divisor of 3032 and l.
8
Suppose -17*k = -556 - 5241. Suppose -125 = 4*z - k. What is the greatest common factor of z and 2?
2
Suppose -3735 = -25*k + 15740. Calculate the greatest common factor of k and 533.
41
Let m be -2 + 50 - (-1 + 0/(-4)). Let k = 221 + m. What is the highest common divisor of k and 108?
54
Let q be 138*(-2 + 17/2 + -3). Let d(b) = -32*b + 2. Let p be d(7). Let u = q + p. Calculate the highest common factor of u and 29.
29
Suppose -75*x + 36*x = -40*x + 324. What is the highest common factor of x and 3078?
162
Let q = 3 - 2. Suppose 9*d - 5*z - 40 = 6*d, -24 = -d - z. Suppose 25 = 3*b - 2*g, -11*g + 6*g + d = 0. What is the highest common divisor of b and q?
1
Suppose 19 - 35 = -4*b + 4*w, w - 1 = 0. What is the highest common divisor of 335 and b?
5
Let s = 68 + -73. Let b be (-17 - -2)/s + 24. Suppose 4*f - 77 = -2*n - n, 4*n - f - 109 = 0. What is the highest common divisor of b and n?
27
Let u(f) = 39*f**2 - f. Let r be u(2). Suppose r = 2*k + 5*k. Calculate the greatest common factor of 286 and k.
22
Let j = 1225 - -162. Calculate the highest common factor of j and 95.
19
Let j be (-2 + 0)/(1/(-40)). Suppose 12*h - 30 = 9*h. What is the highest common divisor of h and j?
10
Suppose 0 = -22*p - 50*p + 184032. What is the greatest common factor of p and 9?
9
Let y(i) = -18*i - 467. Let w be y(-28). Calculate the greatest common divisor of w and 555.
37
Suppose -y = 5*g - 61, -4*y + 5*y + 4*g = 60. What is the highest common divisor of y and 238?
14
Let o(i) = 162*i - 3495. Let m be o(30). What is the greatest common factor of 420 and m?
105
Let h(g) = -8*g**2 - 57*g - 65. Let k be h(-5). Calculate the highest common factor of 65 and k.
5
Let a = -337 - -339. Suppose -5*z = -65*i + 67*i - 37, 0 = a*z + 2. What is the greatest common divisor of i and 483?
21
Let o(f) = 51*f + 34. Let l be o(10). Let t(d) = -d**3 + 52*d**2 + 55*d - 90. Let w be t(53). What is the greatest common divisor of w and l?
16
Let o(n) = n**3 + 9*n**2 + 6*n + 6. Let m(f) = -f**3 + 5*f**2 + 15*f - 15. Let k be m(7). Let q be o(k). What is the highest common factor of q and 143?
11
Let k(i) = 72*i**2 + 10 + 5*i**2 + 20*i - 45*i**2 + 2*i**3. Let y be k(-15). Calculate the greatest common factor of y and 10.
10
Let b be (21/3 - 135) + -2. Let u be 275/13 - (-20)/b. What is the greatest common factor of u and 35?
7
Let b be 10616/18 - 2/(-9). Let m be 217/(-49) - (12 + -26) - (-9)/21. Calculate the greatest common divisor of b and m.
10
Suppose -p = 2*j - 27, 74*j + 4*p = 78*j - 72. Calculate the greatest common factor of j and 4005.
15
Let v(f) = 11*f + 19. Suppose 5*x = 4*j + 5, 5*x + 0*j = j - 10. Let u be v(x). Let h = u + 86. What is the greatest common factor of h and 180?
36
Let j be ((-210)/(-280))/((-10)/32)*-30. What is the greatest common divisor of 5598 and j?
18
Suppose z - 9*z = -400. Suppose 26 + z = 4*j. What is the highest common divisor of j and 209?
19
Suppose 0 = 2*h + 4*b - 6*b + 182, 0 = 2*h + b + 179. Let u = -96 - h. Let l be (7/(-2) + (-3 - u))*-22. What is the greatest common divisor of l and 11?
11
Let f(y) = -y + 21. Let b be f(16). Suppose b*w - 130 = -0*w. Let n = 98 - w. What is the greatest common divisor of n and 9?
9
Let d be (6/4 - 2)*-8 + 57. Let v = d - 60. What is the highest common factor of v and 9?
1
Suppose 34 = 3*z - 5*l - 3, 5*z - 3*l = 67. Suppose -130 = -z*a + 12*a. Suppose 52 = 3*m - m. Calculate the greatest common factor of m and a.
13
Suppose 6*c - 2*c = -4*h + 8, -2 = -c + 4*h. Let o = 8 - c. Let s(r) = -2*r + 10. Let w be s(-4). What is the highest common divisor of w and o?
6
Let a be 1104/736*2*330. What is the highest common factor of a and 2420?
110
Let l(g) = -13*g**2 + 369*g - 6. Let j be l(28). What is the highest common divisor of j and 670?
134
Suppose -2*p - 3*p + 430 = 0. Let y be (-2 - (2139/(-15) + 3))/(38/190). What is the greatest common factor of y and p?
86
Let x be ((-200)/3)/((-35)/((-735)/(-2))). Calculate the greatest common divisor of 4725 and x.
175
Let t be -2 + 3/((-6)/(-310)). Let z(w) = w**2 + 6*w + 36. Let x be z(-6). Let m be ((-216)/(-30))/(x/45). Calculate the greatest common divisor of t and m.
9
Let g = -5887 - -6351. What is the highest common divisor of g and 1508?
116
Let d(b) = -3*b**3 - 33*b**2 - b - 11. Let z be d(-11). Suppose z = -4*u - 22 + 70. Calculate the greatest common divisor of 108 and u.
12
Suppose -2*g = n - 9619, 0 = -125*n + 122*n + 3. What is the highest common divisor of 42 and g?
21
Let x be (3/((-6)/8))/(48/(-360)). Let v be 212/954 - 3/((-54)/3776). Calculate the highest common divisor of v and x.
30
Let q(x) = 2*x**3 - 91*x**2 - 35*x + 10. Let j(n) = -n**3 + n. Let w(u) = 5*j(u) + q(u). Let t be w(-30). What is the highest common factor of t and 40?
10
Suppose -114*t = -172*t + 638. What is the highest common factor of 704 and t?
11
Let m be (9 + 26/(-3))*1443. Let d = m + -468. Calculate the greatest common factor of 13 and d.
13
Let q = 169 - 238. Let f be q/(-46)*((-86)/(-3) + 2). Calculate the highest common factor of f and 414.
46
Let t be 6960*(-6 - ((-20)/(-120) - 86/12)). What is the greatest common divisor of t and 45?
15
Suppose -331*n - 3900 = 346*n - 703*n. Let k be (2/2)/((-2)/(-30)). What is the highest common divisor of k and n?
15
Suppose -294 = -39*u + 370 - 40. What is the highest common divisor of 3272 and u?
8
Let k(g) = -g**2 + 52*g - 366. Let t be k(43). What is the greatest common factor of 1869 and t?
21
Let d(f) = -2*f**2 + 5*f + 22. Let l be d(7). Let s be (35 + l)*(-39)/2. What is the highest common divisor of 104 and s?
13
Suppose 4*a - 148 + 36 = 0. Suppose -a*k = -17*k - 660. What is the greatest common factor of 330 and k?
30
Suppose -124 = -4*j - 5*s, j - 40 = 54*s - 53*s. Let n be (51/(-119))/((-6)/28)*j. Calculate the highest common factor of 120 and n.
24
Let q(n) = 602*n + 30. Let z be q(-1). Let h = -360 - z. Calculate the greatest common factor of h and 159.
53
Suppose 4*r = 4, 8*l - 3*l - 182 = -2*r. Let v(k) = -119*k**3 + 3*k**2 + 64*k + 62. Let x be v(-1). What is the greatest common divisor of x and l?
12
Let h = -2 - -38. Let j = h + -18. Let b = 360 + -315. What is the greatest common factor of j and b?
9
Suppose -5*d - 83 + 1835 = 4*s, 4*s + 3*d - 1760 = 0. Suppose -s*k - 399 = -446*k. Calculate the greatest common divisor of 76 and k.
19
Let m(g) = 156*g**2 - 758*g + 8196. Let q be m(11). Calculate the greatest common factor of q and 58.
58
Suppose -46*j = 78*j - 20*j - 1347944. Calculate the highest common factor of 13 and j.
13
Let q(v) = -v**3 + 8*v**2 + 15*v - 1. Let m be q(7). Let f = 165 - m. Let x(j) = 98*j - 2. Let z be x(1). Calculate the highest common divisor of z and f.
12
Let y(s) = -4*s**2 - 10*s - 145*s**3 - 6*s + 146*s**3 - 3*s**2 - 19. Let f be y(10). Calculate the highest comm